ne o(4).
5
Let r(x) = 5*x**2 - 5*x - 1. Let h(y) = -y**3 + 12*y**2 + 9*y + 264. Let m be h(14). Calculate r(m).
29
Let i(y) = 1263*y + 103571. Let p be i(-82). Let u(h) = h**3 - 5*h**2 + 6*h + 4. Let z(d) = -d**3 + 5*d**2 - 7*d - 5. Let a(f) = -3*u(f) - 2*z(f). Give a(p).
-22
Let y(m) = -m**2 + 3*m. Let f(a) = a**2 - 4*a + 1. Let v(u) = -4*f(u) - 3*y(u). Suppose 4*z - 6*i = -8, 2*z = -5*i + 35 + 9. Give v(z).
-4
Suppose 2*x = g + 3, 0 = g - x - 28 + 31. Let o(b) = -2*b - 22. Determine o(g).
-16
Let d(a) be the second derivative of -a**4/12 - 7*a**3/3 + 174*a**2 + 42*a + 31. Calculate d(13).
-3
Let d(r) = -r**3 - 10*r**2 - 15*r - 8. Let l be 1*1*-3 - (36/(-18) + 6). What is d(l)?
-50
Let s be (-52)/(-16) - (-6)/(0 - 24). Let r be -2 + (15 - s) + (1 - 5). Let k(q) = -q**2 + 8*q - 9. What is k(r)?
3
Let v(p) = p**2 - 10. Suppose -179*w + 60 = -174*w. Let q = 56 + w. Let g be q/85 - 4/5. Calculate v(g).
-10
Let g(a) = 4*a**2 + 18*a - 23. Let h(b) = 3*b**2 + 13*b - 17. Let l(u) = -5*g(u) + 6*h(u). Calculate l(-6).
13
Let c(m) = -m**3 + m**2 - m - 28. Let x(f) = -f**3 - 7*f**2 - 4*f - 92. Let z be x(-8). Suppose 3*n = -5*o - 15, -z*n - 1 = -2*o - 7. Determine c(n).
-28
Let a(o) = o**2 - 16*o - 51. Let p be a(-3). Let q be (0 - 0 - 1)*4. Let j(h) = h - 8. Let g(i) = 8. Let s(t) = q*j(t) - 3*g(t). What is s(p)?
-16
Suppose -5*v = -7*v + 6. Suppose 7*k = 13 + 8. Suppose 0 = -3*s - 5*b - k, 8*s + 4*b = v*s + 8. Let u(x) = x**3 - 4*x**2 + 2. Give u(s).
2
Let y = -48 - -61. Suppose 18 = 5*p + p. Suppose y*x - 10*x = p. Let j(m) = 3*m**3 + m**2 - 1. What is j(x)?
3
Suppose 0 = 4*d - 4*m + 566 - 162, -4*d - 406 = -2*m. Let t = d - -103. Let y(i) = t - 1 + i - 7*i**3 + 6*i**3 + 2*i**2 + 1. Calculate y(-2).
15
Let x(h) = 5*h**2 - 25*h + 104. Let j(w) = 13*w**2 - 74*w + 287. Let a(t) = 4*j(t) - 11*x(t). Give a(-7).
4
Let x(q) be the second derivative of -8*q**3/3 + 55*q**2 + 1181*q. What is x(7)?
-2
Let x(j) = 3141 - 1596 + j - 1527 + 5*j. What is x(-12)?
-54
Let b(g) = g**3 - 6*g**2 + 4*g + 1. Let q(f) = f**3 + 4*f**2 - 3*f - 7. Let x = 1 - -2. Suppose x*h + n + n + 22 = 0, 1 = h - n. Let y be q(h). Calculate b(y).
-4
Let n = -10 - -10. Suppose 0 = -5*d - n*d + 15. Let r be (-11 - -1)*(-1)/(d + -1). Let j(t) = t**2 - 5*t - 3. Give j(r).
-3
Let r(l) = l**3 + 3*l**2 - l - 4. Suppose 3*g - 3 = 3*h + 5*g, -h + 3*g = -21. Calculate r(h).
47
Let p(c) be the second derivative of -c**3 - 67*c**2/2 + 5768*c. Determine p(0).
-67
Suppose -19*d + 53 = -23. Suppose -3*k - 2*h = -h - 38, k + d = 3*h. Let x(r) = -r**2 + 10*r + 6. What is x(k)?
-5
Let o(j) = j**3 - 3*j**2 - 6*j - 3. Let k be 600/(-288) + (-1)/(-12). Determine o(k).
-11
Suppose -258*b = -264*b + 12. Suppose -q - 4*z + 36 = -6*q, 5*q + 28 = b*z. Let u(c) = 3 + 0*c + 6*c - c. Calculate u(q).
-17
Suppose 16 = 5*r - 3*j, -8 = 5*r - 5*j - 18. Let d(x) = 2*x**3 - 5*x**2 - 6*x + 22. What is d(r)?
117
Let h(g) = -19*g**2 - 61459*g + 122897*g - 61515*g + 3. Calculate h(-4).
7
Suppose -75*w = -59*w - 14816. Let t = w + -931. Let z(y) = y**2 - y - 6. Calculate z(t).
24
Let q(k) = k**2 + k - 1. Let t be q(0). Let c(z) be the first derivative of 2*z**2 + z - 718. Let v(m) = m + 1. Let b(x) = t*c(x) + v(x). Calculate b(2).
-6
Let q(m) = -17*m + 209. Let s(d) = -d + 22. Let p(f) = q(f) - 9*s(f). What is p(6)?
-37
Let h be 10/(0 + 10) - (3 - 2). Suppose -l + 10 = 2*l + 4*s, -l + 1 = -s. Let q(a) = -a**l - 5 + 3 + 1. Give q(h).
-1
Let p(n) = 8*n + 1. Let x(t) = -50*t - 25. Let y be x(-4). Let g = y - 176. What is p(g)?
-7
Suppose s = -4*d - 37, 2*d + 14 = 8*s - 4*s. Suppose 4 = -7*u + 11*u. Let o(z) = 0 - u + z**2 + z - 10 + 6*z. Determine o(d).
7
Let w(a) be the third derivative of -a**6/120 - a**5/12 + 5*a**4/24 - a**3/2 - 577*a**2 + 3*a. Calculate w(-5).
-28
Let f(j) = j**2 - 2*j - 575. Let y be 9/144*-6 + (-812)/(-32). What is f(y)?
0
Let v(x) = -6*x**2 - 2*x - 2. Let h(m) = 7*m**2 - 22*m - 33. Let f(d) = h(d) + v(d). What is f(25)?
-10
Let b(d) = d**3 - 13*d**2 - 15. Let j be ((-235)/(-20) - 15)*(-1 + -3). Give b(j).
-15
Let k(l) = -62 + 9*l - 49 + 116 + 9. Give k(-1).
5
Let l(y) = -2*y**3 - y**2 - 2*y + 8. Let s(n) = -3*n**3 - 8*n**2 - 7*n + 16. Let t(v) = -l(v) + s(v). Give t(-7).
43
Let w(r) = 2*r**3 - r**2 - r - 2. Suppose -784 = -i + 9*i. Let o = i + 100. What is w(o)?
8
Suppose -3*h + 5*r - 4 = 0, -11 = 2*h + h + 2*r. Let z(a) = 15*a**2 + 3 + 2*a + 18*a**2 + 2*a - 7*a - 35*a**2. What is z(h)?
-6
Let m(b) = 241*b**2 + 55*b + 52. Let l(p) = 85*p**2 + 19*p + 18. Let n(a) = 17*l(a) - 6*m(a). Let z(q) = -q**3 + 8*q**2 - 6. Let w be z(8). Calculate n(w).
0
Let a(w) = w + 16. Suppose -4*p = -s - 13, 3*p = 2*s - 1 + 7. Let i be -20*(s/(-18))/((-2)/(-6)). Suppose 0 = i*u + 5*u - 19*u. Give a(u).
16
Let m = -753 - -756. Let f(o) = o**m - 3 - 5*o**2 + 2*o + 23 - 13 + 0. Give f(4).
-1
Let b(a) = 544*a - 5992. Let x be b(11). Let y(k) = -6*k**2 - 49*k - 17. Determine y(x).
-9
Let g = -241 - -259. Let u(c) = 3*c - g*c - 5 + 11*c + 3*c. Calculate u(-3).
-2
Let b(o) = 20*o**2 - 115*o + 506. Let a(w) = -7*w**2 + 38*w - 172. Let n(s) = 17*a(s) + 6*b(s). What is n(42)?
28
Suppose 1016*f = 1466*f - 1800. Let n(v) be the first derivative of 5*v + v**2 - 1/4*v**4 - 1 + 2/3*v**3. Calculate n(f).
-19
Suppose 21*o = 18*o + 267. Let a(r) = 3*r + 5*r**2 + 3*r + 8 - o*r**3 + 0*r + 88*r**3. Give a(6).
8
Let j(d) = -d**2 + 5*d - 8. Let y(m) = -m**3 + 10*m**2 - 15*m - 6. Let c be y(9). Let x = -128 - -195. Let a = c + x. What is j(a)?
-22
Let c(l) = l**3 + 12*l**2 + 12*l + 10. Let m(r) = r**3 - r - 95. Let y be m(0). Suppose 0 = -8*j - 12 - 660. Let q = y - j. Calculate c(q).
-1
Let k(r) = -11 - 2*r - r**3 - 20*r**2 + 20*r - 12*r + 14*r**2. What is k(-7)?
-4
Let m(y) = -y**2 + 3*y + 49. Suppose a + 50 = 7*z, 3*z - 6*a + 8*a - 36 = 0. Calculate m(z).
9
Let v(f) = 31*f**2 - 3*f + 5. Let c(g) = -16*g**2 + 2*g + 1. Let s(a) = 2*c(a) + v(a). Suppose -2*q = 2*q - 20. Suppose -q*m = -3*m. Give s(m).
7
Let v(m) = -m**2 - 8*m + 11. Let a = -1056 + 1046. Give v(a).
-9
Let k(f) = 33 + 256*f**2 - f**3 + 246*f**2 - 760*f**2 + 8*f + 253*f**2. Determine k(-5).
-7
Suppose -21*b + 23*b - 2*v + 22 = 0, 6 = 3*b + 10*v. Let p(x) = -9*x - 6. Determine p(b).
66
Let g be 14/3*4*6/16. Suppose 2*i - g - 9 = -2*q, 0 = 2*q + 5*i - 13. Let u(x) = x + q*x - 8 - 9*x. Calculate u(0).
-8
Let u be (-2 + 1)/((-2)/2). Let m(t) be the third derivative of -1/12*t**4 + 0*t - 1/60*t**5 + 112 + 2*t**2 + 1/6*t**3. What is m(u)?
-2
Let l(p) be the first derivative of -13*p**2/2 - 257*p + 59. What is l(-20)?
3
Let f = 4745 + -4756. Let b(o) be the third derivative of o**4/24 + 5*o**3/6 - 4*o**2. Calculate b(f).
-6
Let r(v) = 5*v**3 + v**2 + 4. Let s(i) = -6*i**3 + 2*i**2 - 2*i + 10. Let a(t) = -3*r(t) + s(t). Calculate a(-1).
20
Suppose -6 = -3*y - 4*s + 8, -4*s = 2*y - 12. Let u(m) = -221*m - m**3 + 228*m + 4*m**y - 9*m**2 - 4. Calculate u(-6).
-10
Let j(c) = c**3 + 10*c**2 - 16*c + 7. Suppose 12 = 3*q - 3. Let t(x) = x**3 + 9*x**2 - 14*x + 7. Let k(b) = q*j(b) - 6*t(b). Calculate k(-5).
-2
Suppose 30*p = 20*p + 20. Suppose -p*x + 7 = i - 6, -7 = x - 4*i. Let z(k) = -k**2 + 3*k + 12. Give z(x).
2
Let c(r) be the second derivative of r**4/4 - r**3/2 + r**2 + 4094*r. Determine c(3).
20
Let p(g) = g**2 - 4*g - 1. Let d be 453*((-8)/(-12))/(-2). Let o = d - -156. Give p(o).
4
Let v be 2/(-17) + 43/((-87720)/(-342)). Let z(j) be the second derivative of -1/2*j**2 + 1/2*j**3 + 34*j + 0 - v*j**5 - 1/6*j**4. Give z(2).
-11
Let c(u) = u**3 + 2*u**2 - 11*u - 8. Suppose 5*x - 30 = -10*h, -23*x + 18*x + 3 = h. Determine c(x).
-8
Let s(t) = 18*t + 14. Let u(p) = 245*p + 188. Let d(x) = -27*s(x) + 2*u(x). Suppose 3*b + 2*n + 10 = 0, 3*b + 26 = -2*n + 4*n. Give d(b).
-26
Let o be ((-96)/(-9))/(((-7)/3)/7). Let h be 78*(-4)/o - 6/8. Let t(n) = -3*n + 20. Give t(h).
-7
Let a(d) = 5 + 14*d + 19*d + 16*d - 67*d + 17*d. Calculate a(18).
-13
Let l(b) = -2*b + 5*b - 2*b - 3. Let h(p) = -15*p + 270. Let r be h(18). Give l(r).
-3
Let z(g) = 4 + 4*g + 7*g - 3 + 8*g - 6*g. Let p(n) = -154*n - 35. Let q(i) = 9*i + 2. Let y(d) = 2*p(d) + 35*q(d). Let m(k) = 5*y(k) - 3*z(k). Determine m(-5).
17
Suppose 452*p - 22 = -4*r + 454*p, 3*p + 9 = 2*r. Let w(d) = 18*d - 116. Determine w(r).
-8
Let f(j) be the third der